{"id":556,"date":"2020-04-07T15:21:25","date_gmt":"2020-04-07T15:21:25","guid":{"rendered":"https:\/\/elelmiszerbiztonsag.com\/?page_id=556"},"modified":"2020-04-25T15:59:51","modified_gmt":"2020-04-25T14:59:51","slug":"fiokom","status":"publish","type":"page","link":"https:\/\/elelmiszerbiztonsag.com\/?page_id=556","title":{"rendered":"A fi\u00f3kom"},"content":{"rendered":"<div class=\"woocommerce\"><div class=\"woocommerce-notices-wrapper\"><\/div>\n\n\t\t<h2>Bejelentkez\u00e9s<\/h2>\n\n\t\t<form class=\"woocommerce-form woocommerce-form-login login\" method=\"post\">\n\n\t\t\t\n\t\t\t<p class=\"woocommerce-form-row woocommerce-form-row--wide form-row form-row-wide\">\n\t\t\t\t<label for=\"username\">Felhaszn\u00e1l\u00f3n\u00e9v vagy Email c\u00edm&nbsp;<span class=\"required\">*<\/span><\/label>\n\t\t\t\t<input type=\"text\" class=\"woocommerce-Input woocommerce-Input--text input-text\" name=\"username\" id=\"username\" autocomplete=\"username\" value=\"\" \/>\t\t\t<\/p>\n\t\t\t<p class=\"woocommerce-form-row woocommerce-form-row--wide form-row form-row-wide\">\n\t\t\t\t<label for=\"password\">Jelsz\u00f3&nbsp;<span class=\"required\">*<\/span><\/label>\n\t\t\t\t<input class=\"woocommerce-Input woocommerce-Input--text input-text\" type=\"password\" name=\"password\" id=\"password\" autocomplete=\"current-password\" \/>\n\t\t\t<\/p>\n\n\t\t\t\n\t\t\t<p class=\"form-row\">\n\t\t\t\t<label class=\"woocommerce-form__label woocommerce-form__label-for-checkbox woocommerce-form-login__rememberme\">\n\t\t\t\t\t<input class=\"woocommerce-form__input woocommerce-form__input-checkbox\" name=\"rememberme\" type=\"checkbox\" id=\"rememberme\" value=\"forever\" \/> <span>Eml\u00e9kezz r\u00e1m<\/span>\n\t\t\t\t<\/label>\n\t\t\t\t<input type=\"hidden\" id=\"woocommerce-login-nonce\" name=\"woocommerce-login-nonce\" value=\"e8489bc52d\" \/><input type=\"hidden\" name=\"_wp_http_referer\" value=\"\/index.php?rest_route=%2Fwp%2Fv2%2Fpages%2F556\" \/>\t\t\t\t<button type=\"submit\" class=\"woocommerce-button button woocommerce-form-login__submit\" name=\"login\" value=\"Bejelentkez\u00e9s\">Bejelentkez\u00e9s<\/button>\n\t\t\t<\/p>\n\t\t\t<p class=\"woocommerce-LostPassword lost_password\">\n\t\t\t\t<a href=\"https:\/\/elelmiszerbiztonsag.com\/?page_id=556&#038;lost-password\">Elfelejtett jelsz\u00f3?<\/a>\n\t\t\t<\/p>\n\n\t\t\t\n\t\t<\/form>\n\n\n<\/div>\n","protected":false},"excerpt":{"rendered":"","protected":false},"author":1,"featured_media":0,"parent":0,"menu_order":0,"comment_status":"closed","ping_status":"closed","template":"","meta":[],"yoast_head":"<!-- This site is optimized with the Yoast SEO plugin v14.0.4 - https:\/\/yoast.com\/wordpress\/plugins\/seo\/ -->\n<title>A fi\u00f3kom | \u00c9lelmiszerbiztons\u00e1g \u00e9s HACCP tan\u00e1csad\u00e1s<\/title>\n<meta name=\"robots\" content=\"index, follow\" \/>\n<meta name=\"googlebot\" content=\"index, follow, max-snippet:-1, max-image-preview:large, max-video-preview:-1\" \/>\n<meta name=\"bingbot\" content=\"index, follow, max-snippet:-1, max-image-preview:large, max-video-preview:-1\" \/>\n<link rel=\"canonical\" href=\"https:\/\/elelmiszerbiztonsag.com\/?page_id=556\" \/>\n<meta property=\"og:locale\" content=\"hu_HU\" \/>\n<meta property=\"og:type\" content=\"article\" \/>\n<meta property=\"og:title\" content=\"A fi\u00f3kom | \u00c9lelmiszerbiztons\u00e1g \u00e9s HACCP tan\u00e1csad\u00e1s\" \/>\n<meta property=\"og:url\" content=\"https:\/\/elelmiszerbiztonsag.com\/?page_id=556\" \/>\n<meta property=\"og:site_name\" content=\"\u00c9lelmiszerbiztons\u00e1g \u00e9s HACCP tan\u00e1csad\u00e1s\" \/>\n<meta property=\"article:publisher\" content=\"https:\/\/www.facebook.com\/haccptanacsadas\/?modal=admin_todo_tour\" \/>\n<meta property=\"article:modified_time\" content=\"2020-04-25T14:59:51+00:00\" \/>\n<meta name=\"twitter:card\" content=\"summary_large_image\" \/>\n<script type=\"application\/ld+json\" class=\"yoast-schema-graph\">{\"@context\":\"https:\/\/schema.org\",\"@graph\":[{\"@type\":\"Organization\",\"@id\":\"https:\/\/elelmiszerbiztonsag.com\/#organization\",\"name\":\"\\u00c9lelmiszerbiztons\\u00e1g \\u00e9s HACCP tan\\u00e1csad\\u00e1s\",\"url\":\"https:\/\/elelmiszerbiztonsag.com\/\",\"sameAs\":[\"https:\/\/www.facebook.com\/haccptanacsadas\/?modal=admin_todo_tour\"],\"logo\":{\"@type\":\"ImageObject\",\"@id\":\"https:\/\/elelmiszerbiztonsag.com\/#logo\",\"inLanguage\":\"hu\",\"url\":\"https:\/\/elelmiszerbiztonsag.com\/wp-content\/uploads\/2020\/04\/web1.png\",\"width\":200,\"height\":187,\"caption\":\"\\u00c9lelmiszerbiztons\\u00e1g \\u00e9s HACCP tan\\u00e1csad\\u00e1s\"},\"image\":{\"@id\":\"https:\/\/elelmiszerbiztonsag.com\/#logo\"}},{\"@type\":\"WebSite\",\"@id\":\"https:\/\/elelmiszerbiztonsag.com\/#website\",\"url\":\"https:\/\/elelmiszerbiztonsag.com\/\",\"name\":\"\\u00c9lelmiszerbiztons\\u00e1g \\u00e9s HACCP tan\\u00e1csad\\u00e1s\",\"description\":\"My WordPress Blog\",\"publisher\":{\"@id\":\"https:\/\/elelmiszerbiztonsag.com\/#organization\"},\"potentialAction\":[{\"@type\":\"SearchAction\",\"target\":\"https:\/\/elelmiszerbiztonsag.com\/?s={search_term_string}\",\"query-input\":\"required name=search_term_string\"}],\"inLanguage\":\"hu\"},{\"@type\":\"WebPage\",\"@id\":\"https:\/\/elelmiszerbiztonsag.com\/?page_id=556#webpage\",\"url\":\"https:\/\/elelmiszerbiztonsag.com\/?page_id=556\",\"name\":\"A fi\\u00f3kom | \\u00c9lelmiszerbiztons\\u00e1g \\u00e9s HACCP tan\\u00e1csad\\u00e1s\",\"isPartOf\":{\"@id\":\"https:\/\/elelmiszerbiztonsag.com\/#website\"},\"datePublished\":\"2020-04-07T15:21:25+00:00\",\"dateModified\":\"2020-04-25T14:59:51+00:00\",\"inLanguage\":\"hu\",\"potentialAction\":[{\"@type\":\"ReadAction\",\"target\":[\"https:\/\/elelmiszerbiztonsag.com\/?page_id=556\"]}]}]}<\/script>\n<!-- \/ Yoast SEO plugin. -->","_links":{"self":[{"href":"https:\/\/elelmiszerbiztonsag.com\/index.php?rest_route=\/wp\/v2\/pages\/556"}],"collection":[{"href":"https:\/\/elelmiszerbiztonsag.com\/index.php?rest_route=\/wp\/v2\/pages"}],"about":[{"href":"https:\/\/elelmiszerbiztonsag.com\/index.php?rest_route=\/wp\/v2\/types\/page"}],"author":[{"embeddable":true,"href":"https:\/\/elelmiszerbiztonsag.com\/index.php?rest_route=\/wp\/v2\/users\/1"}],"replies":[{"embeddable":true,"href":"https:\/\/elelmiszerbiztonsag.com\/index.php?rest_route=%2Fwp%2Fv2%2Fcomments&post=556"}],"version-history":[{"count":1,"href":"https:\/\/elelmiszerbiztonsag.com\/index.php?rest_route=\/wp\/v2\/pages\/556\/revisions"}],"predecessor-version":[{"id":1119,"href":"https:\/\/elelmiszerbiztonsag.com\/index.php?rest_route=\/wp\/v2\/pages\/556\/revisions\/1119"}],"wp:attachment":[{"href":"https:\/\/elelmiszerbiztonsag.com\/index.php?rest_route=%2Fwp%2Fv2%2Fmedia&parent=556"}],"curies":[{"name":"wp","href":"https:\/\/api.w.org\/{rel}","templated":true}]}}